 is the highest common factor of 3068225 and 2568?
107
What is the greatest common factor of 170536 and 1432?
8
Calculate the highest common factor of 404859 and 3900.
39
Calculate the highest common factor of 122354 and 32690.
934
Calculate the greatest common factor of 61 and 1277169017.
61
What is the greatest common factor of 33 and 997469?
11
What is the highest common divisor of 92207896 and 198?
22
Calculate the highest common divisor of 1692 and 92583702.
846
Calculate the greatest common factor of 7903976 and 4.
4
What is the greatest common divisor of 120220 and 6700?
20
Calculate the highest common factor of 37 and 151302.
1
What is the greatest common divisor of 52 and 235483508?
52
What is the greatest common factor of 327411 and 2520?
63
Calculate the highest common divisor of 26712 and 2941659.
3339
Calculate the highest common factor of 662847381 and 729.
243
What is the greatest common divisor of 12629568 and 2560?
64
What is the greatest common divisor of 13226754 and 9390?
1878
Calculate the highest common factor of 835204 and 38232.
236
What is the greatest common divisor of 384 and 2510274432?
384
What is the greatest common factor of 8495513 and 52?
13
What is the greatest common factor of 212929 and 8406197?
2999
What is the highest common divisor of 5598 and 216?
18
What is the highest common factor of 6208 and 39496072?
776
What is the highest common divisor of 16 and 5980624?
16
Calculate the greatest common factor of 17 and 6089247.
17
What is the greatest common divisor of 69471 and 891918?
2241
What is the greatest common factor of 8107 and 310849?
121
Calculate the greatest common divisor of 261 and 11666457.
9
What is the greatest common divisor of 528 and 6453084?
132
Calculate the highest common factor of 1780 and 5394680.
20
What is the highest common divisor of 18 and 6543300?
6
Calculate the highest common divisor of 1341626 and 13442.
286
Calculate the highest common divisor of 108849 and 6903.
39
What is the highest common divisor of 205 and 138805?
5
What is the highest common divisor of 439209 and 441?
9
Calculate the greatest common divisor of 83424800 and 320.
160
Calculate the greatest common factor of 57 and 14665929.
57
Calculate the highest common factor of 497 and 42076091.
71
What is the greatest common factor of 995 and 755756031?
199
Calculate the greatest common divisor of 30219196 and 39216.
3268
Calculate the highest common factor of 37105 and 6847.
41
What is the highest common divisor of 1586 and 1278666506?
1586
What is the greatest common factor of 110 and 289161125?
55
What is the highest common factor of 527 and 3836577?
17
Calculate the greatest common divisor of 65590924 and 812.
812
What is the greatest common divisor of 66 and 2889799?
11
Calculate the greatest common factor of 5100044 and 8.
4
What is the greatest common factor of 22984358 and 33818?
914
Calculate the greatest common divisor of 213 and 458501457.
213
What is the highest common factor of 380 and 571590?
10
What is the highest common divisor of 338590 and 156857?
691
What is the highest common factor of 15070 and 2385680?
110
Calculate the greatest common divisor of 1221 and 14020743.
1221
Calculate the greatest common factor of 11862781 and 5.
1
What is the highest common factor of 10859959 and 308?
11
Calculate the highest common divisor of 3722 and 128853779.
1861
Calculate the greatest common factor of 1354704 and 1776.
48
What is the greatest common factor of 350 and 1075150?
50
What is the greatest common factor of 1941842 and 6970?
1394
Calculate the greatest common factor of 166996950 and 1161.
129
Calculate the greatest common factor of 1125 and 95312250.
1125
What is the highest common divisor of 171 and 707313?
57
Calculate the highest common divisor of 24915928 and 551400.
7352
What is the highest common factor of 33202 and 16094?
26
What is the greatest common factor of 133638520 and 4960?
1240
Calculate the highest common divisor of 2523178 and 1961.
37
What is the highest common divisor of 962501158 and 164?
82
What is the highest common divisor of 3222 and 295350?
1074
What is the greatest common divisor of 2548 and 233116?
52
Calculate the highest common divisor of 59 and 14705809.
59
Calculate the greatest common factor of 2362 and 81511439.
1181
Calculate the highest common divisor of 1760 and 4377010.
110
What is the greatest common divisor of 9932 and 225056?
52
Calculate the highest common factor of 862676 and 22192.
76
Calculate the highest common factor of 69972 and 3001452.
204
What is the greatest common divisor of 487146 and 19398?
366
Calculate the highest common factor of 510 and 2424990.
30
Calculate the highest common factor of 99 and 145674.
9
What is the greatest common divisor of 6317 and 566022151?
6317
What is the highest common factor of 83 and 15297647?
83
What is the highest common factor of 257130523 and 29853?
3317
What is the greatest common factor of 2 and 691451354?
2
Calculate the highest common divisor of 1815 and 225326805.
1815
Calculate the greatest common factor of 85197398 and 286.
286
What is the highest common divisor of 409842 and 3816?
18
Calculate the greatest common factor of 7616103 and 1815.
363
Calculate the greatest common divisor of 6544 and 4939084.
1636
Calculate the greatest common factor of 28 and 3534244.
28
Calculate the greatest common divisor of 71 and 9759447.
71
Calculate the greatest common factor of 14 and 623147.
7
What is the highest common factor of 211077 and 61377?
1497
What is the greatest common factor of 37696 and 39320896?
1984
What is the highest common divisor of 219404 and 88?
4
Calculate the greatest common divisor of 4852 and 32436.
4
Calculate the highest common factor of 66615014 and 634.
634
Calculate the greatest common divisor of 243317 and 710.
71
What is the greatest common factor of 2235 and 1503112?
149
What is the highest common divisor of 1753706981 and 13?
13
Calculate the highest common divisor of 1504 and 447816.
376
Calculate the greatest common factor of 324 and 151344288.
324
Calculate the greatest common divisor of 81909 and 99.
9
Calculate the greatest common divisor of 32 and 30143392.
32
Calculate the highest common factor of 54175 and 60479.
197
Calculate the highest common factor of 1600 and 5634800.
400
What is the greatest common factor of 14 and 183332?
2
Calculate the greatest common factor of 148 and 124834226.
74
Calculate the greatest common divisor of 3021 and 12147918.
159
Calculate the greatest common divisor of 33 and 597162.
3
Calculate the greatest common factor of 1674450 and 14030.
610
Calculate the highest common factor of 366038 and 2784.
58
What is the greatest common factor of 191 and 2617655?
191
What is the greatest common factor of 253020544 and 896?
896
Calculate the greatest common divisor of 1528826 and 37973.
1651
Calculate the greatest common divisor of 93015 and 2473510.
3445
What is the greatest common factor of 133464 and 29631?
249
What is the highest common factor of 6910 and 266035691?
691
Calculate the greatest common divisor of 813020 and 364.
52
What is the greatest common divisor of 1977432 and 1812?
12
Calculate the greatest common divisor of 189 and 12333753.
9
Calculate the highest common divisor of 3426 and 99711446.
1142
What is the highest common divisor of 2164261139 and 19?
19
Calculate the highest common factor of 201 and 526285.
67
Calculate the highest common divisor of 181227 and 24897.
579
Calculate the highest common divisor of 2077 and 63600487.
67
What is the greatest common divisor of 10032 and 244131?
57
Calculate the highest common factor of 573 and 121975465.
191
Calculate the highest common factor of 418526795 and 37.
37
Calculate the highest common factor of 25467134 and 8723.
671
What is the greatest common divisor of 27 and 63980424?
9
Calculate the highest common divisor of 854121000 and 750.
750
What is the highest common factor of 11079880 and 50960?
1960
Calculate the greatest common divisor of 1136 and 205474.
142
Calculate the highest common factor of 1702 and 598882.
74
Calculate the highest common factor of 3638 and 12552919.
1819
Calculate the highest common divisor of 229222 and 2205.
49
What is the highest common factor of 977984 a